{"id":12,"date":"2025-11-01T10:21:33","date_gmt":"2025-11-01T09:21:33","guid":{"rendered":"https:\/\/www.amis-du-parc.org\/?page_id=12"},"modified":"2026-04-11T11:29:27","modified_gmt":"2026-04-11T09:29:27","slug":"presentation","status":"publish","type":"page","link":"https:\/\/www.amis-du-parc.org\/index.php\/presentation\/","title":{"rendered":"Pr\u00e9sentation"},"content":{"rendered":"\n<p>L&rsquo;Ambassade de France aupr\u00e8s de l&rsquo;\u00c9thiopie et de l&rsquo;Union Africaine \u00e0 Addis-Abeba est un lieu riche en diversit\u00e9 de flore et de faune. Plus de la moiti\u00e9 du terrain de l&rsquo;ambassade est couverte de flore, notamment de grands arbres, offrant un habitat naturel \u00e0 de nombreux animaux.<\/p>\n\n\n\n<p>Situ\u00e9 sur les hauts plateaux d&rsquo;\u00c9thiopie \u00e0 2 600 m\u00e8tres d&rsquo;altitude, ce vaste espace vert entoure la R\u00e9sidence et constitue l&rsquo;un des \u00ab\u00a0poumons verts\u00a0\u00bb d&rsquo;Addis-Abeba.<\/p>\n\n\n\n<p>Un parc magnifique octroy\u00e9 en 1907 par l&#8217;empereur M\u00e9n\u00e9lik II pour \u00e9tablir la repr\u00e9sentation fran\u00e7aise. On raconte que l&#8217;empereur lui-m\u00eame a d\u00e9limit\u00e9 ce terrain le 15 juin 1907 lors d&rsquo;une partie de chasse. Selon les t\u00e9moignages, il souhaitait que la France, premier ami d&rsquo;Abyssinie, se sente pleinement \u00e0 l&rsquo;aise dans sa capitale.<\/p>\n\n\n\n<figure class=\"wp-block-image aligncenter size-full\"><img loading=\"lazy\" decoding=\"async\" width=\"500\" height=\"499\" src=\"https:\/\/www.amis-du-parc.org\/wp-content\/uploads\/2025\/11\/chacal.jpg\" alt=\"Chacal\" class=\"wp-image-73\" srcset=\"https:\/\/www.amis-du-parc.org\/wp-content\/uploads\/2025\/11\/chacal.jpg 500w, https:\/\/www.amis-du-parc.org\/wp-content\/uploads\/2025\/11\/chacal-300x300.jpg 300w, https:\/\/www.amis-du-parc.org\/wp-content\/uploads\/2025\/11\/chacal-150x150.jpg 150w\" sizes=\"auto, (max-width: 500px) 100vw, 500px\" \/><figcaption class=\"wp-element-caption\">Chacal<\/figcaption><\/figure>\n\n\n\n<p>Gr\u00e2ce \u00e0 cette implantation historique, le quartier avoisinant a pris le nom de \u00ab Farensay \u00bb (Tarl\u00e9, 2015).<\/p>\n\n\n\n<p>En 1897, L\u00e9once Lagarde, gouverneur de Djibouti et premier ambassadeur de France en \u00c9thiopie, signe plusieurs conventions avec l&#8217;empereur M\u00e9n\u00e9lik, d\u00e9finissant notamment les fronti\u00e8res entre l&rsquo;ancienne C\u00f4te fran\u00e7aise des Somalis (actuelle Djibouti) et l&rsquo;\u00c9thiopie. Il obtient \u00e9galement le titre de \u00ab Duc d&rsquo;Entoto \u00bb et devient le parrain du futur empereur Hail\u00e9 S\u00e9lassi\u00e9.<\/p>\n\n\n\n<p>La construction du chemin de fer reliant Djibouti \u00e0 Addis-Abeba (1897\u20131917) renforce les \u00e9changes et la pr\u00e9sence fran\u00e7aise dans la r\u00e9gion.<\/p>\n\n\n\n<p>En 1907, au cours d&rsquo;une mission sp\u00e9ciale du ministre M. Klabukovski, l&#8217;empereur conc\u00e8de officiellement ce domaine \u00e0 la France. Cette m\u00eame ann\u00e9e, l&rsquo;Alliance \u00e9thio-fran\u00e7aise d&rsquo;Addis-Abeba est cr\u00e9\u00e9e, bient\u00f4t suivie par une seconde \u00e0 Dire Dawa.<\/p>\n\n\n\n<p>Situ\u00e9e \u00e0 une altitude de 2600 m\u00e8tres, le parc abrite une faune et une flore diversifi\u00e9es, typiques des for\u00eats d&rsquo;altitude. Ces for\u00eats sont adapt\u00e9es \u00e0 un climat temp\u00e9r\u00e9 et connaissent des variations saisonni\u00e8res marqu\u00e9es, avec des p\u00e9riodes de s\u00e9cheresse et de pluie.<\/p>\n\n\n\n<figure class=\"wp-block-image aligncenter size-full\"><img loading=\"lazy\" decoding=\"async\" width=\"500\" height=\"333\" src=\"https:\/\/www.amis-du-parc.org\/wp-content\/uploads\/2025\/11\/mangouste-a-queue-blanche.jpg\" alt=\"Mangouste \u00e0 queue blanche\" class=\"wp-image-75\" srcset=\"https:\/\/www.amis-du-parc.org\/wp-content\/uploads\/2025\/11\/mangouste-a-queue-blanche.jpg 500w, https:\/\/www.amis-du-parc.org\/wp-content\/uploads\/2025\/11\/mangouste-a-queue-blanche-300x200.jpg 300w\" sizes=\"auto, (max-width: 500px) 100vw, 500px\" \/><figcaption class=\"wp-element-caption\">Mangouste \u00e0 queue blanche<\/figcaption><\/figure>\n\n\n\n<p>Le parc est \u00e9galement riche en esp\u00e8ces end\u00e9miques, dont environ 50 arbres et 8 esp\u00e8ces animales class\u00e9es par l&rsquo;UICN. Parmi les esp\u00e8ces menac\u00e9es, on trouve le singe colobe \u00e0 dos roux, pr\u00e9sent sur la liste rouge de l&rsquo;UICN. Le parc abrite \u00e9galement des esp\u00e8ces embl\u00e9matiques comme le Podocarpus, Juniperus, et Prunus africana.<\/p>\n\n\n\n<p>En plus de la faune et de la flore, le parc est connu pour ses nombreuses esp\u00e8ces d&rsquo;oiseaux, y compris des rapaces, des passereaux, des bises et des b\u00e9casseaux. Ces oiseaux migrent souvent pendant l&rsquo;hiver europ\u00e9en.<\/p>\n\n\n\n<figure class=\"wp-block-image aligncenter size-full\"><img loading=\"lazy\" decoding=\"async\" width=\"500\" height=\"499\" src=\"https:\/\/www.amis-du-parc.org\/wp-content\/uploads\/2025\/11\/amarente-du-senegal.jpg\" alt=\" Amarente du S\u00e9n\u00e9gal\" class=\"wp-image-72\" srcset=\"https:\/\/www.amis-du-parc.org\/wp-content\/uploads\/2025\/11\/amarente-du-senegal.jpg 500w, https:\/\/www.amis-du-parc.org\/wp-content\/uploads\/2025\/11\/amarente-du-senegal-300x300.jpg 300w, https:\/\/www.amis-du-parc.org\/wp-content\/uploads\/2025\/11\/amarente-du-senegal-150x150.jpg 150w\" sizes=\"auto, (max-width: 500px) 100vw, 500px\" \/><figcaption class=\"wp-element-caption\"> Amarente du S\u00e9n\u00e9gal<\/figcaption><\/figure>\n\n\n\n<p>Les eucalyptus, introduits au d\u00e9but du 20\u00e8me si\u00e8cle pour la production de bois de feu et de mat\u00e9riaux de construction, sont devenus un symbole de l&rsquo;\u00c9thiopie. Cependant, ils sont souvent associ\u00e9s \u00e0 des probl\u00e8mes \u00e9cologiques, notamment la r\u00e9duction de la biodiversit\u00e9 et l&rsquo;augmentation de l&rsquo;activit\u00e9 du sol, ce qui peut affecter les autres esp\u00e8ces.<\/p>\n\n\n\n<p>L&rsquo;Ambassade de France a adopt\u00e9 des pratiques durables pour pr\u00e9server l&rsquo;environnement et la biodiversit\u00e9. Ces efforts incluent le recyclage, la compostage, la r\u00e9duction de la pollution, et la cr\u00e9ation de jardins potagers biologiques. Ces initiatives visent \u00e0 maintenir la biodiversit\u00e9 et \u00e0 prot\u00e9ger les esp\u00e8ces indig\u00e8nes menac\u00e9es par la d\u00e9forestation.<\/p>\n\n\n\n<figure class=\"wp-block-image aligncenter size-full\"><img loading=\"lazy\" decoding=\"async\" width=\"500\" height=\"333\" src=\"https:\/\/www.amis-du-parc.org\/wp-content\/uploads\/2025\/11\/tortue.jpg\" alt=\"Tortue\" class=\"wp-image-76\" srcset=\"https:\/\/www.amis-du-parc.org\/wp-content\/uploads\/2025\/11\/tortue.jpg 500w, https:\/\/www.amis-du-parc.org\/wp-content\/uploads\/2025\/11\/tortue-300x200.jpg 300w\" sizes=\"auto, (max-width: 500px) 100vw, 500px\" \/><figcaption class=\"wp-element-caption\">Tortue<\/figcaption><\/figure>\n\n\n\n<p>En r\u00e9sum\u00e9, l&rsquo;Ambassade de France est un exemple de gestion durable d&rsquo;un \u00e9cosyst\u00e8me, int\u00e9grant des pratiques \u00e9cologiques pour pr\u00e9server la biodiversit\u00e9 et promouvoir la conservation des esp\u00e8ces menac\u00e9es.<\/p>\n\n\n\n<p><\/p>\n\n\n","protected":false},"excerpt":{"rendered":"<p>L&rsquo;Ambassade de France aupr\u00e8s de l&rsquo;\u00c9thiopie et de l&rsquo;Union Africaine \u00e0 Addis-Abeba est un lieu riche en diversit\u00e9 de flore et de faune. Plus de la moiti\u00e9 du terrain de l&rsquo;ambassade est couverte de flore, notamment de grands arbres, offrant un habitat naturel \u00e0 de nombreux animaux. Situ\u00e9 sur les hauts plateaux d&rsquo;\u00c9thiopie \u00e0 2 [&hellip;]<\/p>\n","protected":false},"author":1,"featured_media":0,"parent":0,"menu_order":0,"comment_status":"closed","ping_status":"closed","template":"","meta":{"ngg_post_thumbnail":0,"footnotes":""},"class_list":["post-12","page","type-page","status-publish","hentry"],"_links":{"self":[{"href":"https:\/\/www.amis-du-parc.org\/index.php\/wp-json\/wp\/v2\/pages\/12","targetHints":{"allow":["GET"]}}],"collection":[{"href":"https:\/\/www.amis-du-parc.org\/index.php\/wp-json\/wp\/v2\/pages"}],"about":[{"href":"https:\/\/www.amis-du-parc.org\/index.php\/wp-json\/wp\/v2\/types\/page"}],"author":[{"embeddable":true,"href":"https:\/\/www.amis-du-parc.org\/index.php\/wp-json\/wp\/v2\/users\/1"}],"replies":[{"embeddable":true,"href":"https:\/\/www.amis-du-parc.org\/index.php\/wp-json\/wp\/v2\/comments?post=12"}],"version-history":[{"count":11,"href":"https:\/\/www.amis-du-parc.org\/index.php\/wp-json\/wp\/v2\/pages\/12\/revisions"}],"predecessor-version":[{"id":114,"href":"https:\/\/www.amis-du-parc.org\/index.php\/wp-json\/wp\/v2\/pages\/12\/revisions\/114"}],"wp:attachment":[{"href":"https:\/\/www.amis-du-parc.org\/index.php\/wp-json\/wp\/v2\/media?parent=12"}],"curies":[{"name":"wp","href":"https:\/\/api.w.org\/{rel}","templated":true}]}}