{"id":62,"date":"2025-11-07T16:21:08","date_gmt":"2025-11-07T15:21:08","guid":{"rendered":"https:\/\/www.amis-du-parc.org\/?page_id=62"},"modified":"2025-11-19T06:59:59","modified_gmt":"2025-11-19T05:59:59","slug":"activites","status":"publish","type":"page","link":"https:\/\/www.amis-du-parc.org\/index.php\/activites\/","title":{"rendered":"Activit\u00e9s"},"content":{"rendered":"\n<p>Les Amis Du Parc proposent les activit\u00e9s suivantes :<\/p>\n\n\n\n<ul class=\"wp-block-list\">\n<li>Ouverture du parc aux adh\u00e9rents pour faire des balades (3 chemins de \u00ab\u00a0randonn\u00e9es\u00a0\u00bb)<\/li>\n\n\n\n<li>Location de lignes potag\u00e8res dans le jardin, sous la supervision d&rsquo;un jardinier<\/li>\n\n\n\n<li>Depuis notre p\u00e9pini\u00e8re, vente de plants aux adh\u00e9rents<\/li>\n\n\n\n<li>Vente de bois pour chauffage pour les adh\u00e9rents<\/li>\n<\/ul>\n\n\n\n<figure class=\"wp-block-image aligncenter size-medium is-resized is-style-default\"><img loading=\"lazy\" decoding=\"async\" width=\"300\" height=\"169\" src=\"https:\/\/www.amis-du-parc.org\/wp-content\/uploads\/2025\/11\/Potager_20251110_142425-300x169.jpg\" alt=\"Potager\" class=\"wp-image-70\" style=\"width:570px;height:auto\" srcset=\"https:\/\/www.amis-du-parc.org\/wp-content\/uploads\/2025\/11\/Potager_20251110_142425-300x169.jpg 300w, https:\/\/www.amis-du-parc.org\/wp-content\/uploads\/2025\/11\/Potager_20251110_142425-1024x577.jpg 1024w, https:\/\/www.amis-du-parc.org\/wp-content\/uploads\/2025\/11\/Potager_20251110_142425-768x432.jpg 768w, https:\/\/www.amis-du-parc.org\/wp-content\/uploads\/2025\/11\/Potager_20251110_142425-1536x865.jpg 1536w, https:\/\/www.amis-du-parc.org\/wp-content\/uploads\/2025\/11\/Potager_20251110_142425-2048x1153.jpg 2048w\" sizes=\"auto, (max-width: 300px) 100vw, 300px\" \/><figcaption class=\"wp-element-caption\">Une partie du potager<\/figcaption><\/figure>\n","protected":false},"excerpt":{"rendered":"<p>Les Amis Du Parc proposent les activit\u00e9s suivantes :<\/p>\n","protected":false},"author":1,"featured_media":0,"parent":0,"menu_order":0,"comment_status":"closed","ping_status":"closed","template":"","meta":{"ngg_post_thumbnail":0,"footnotes":""},"class_list":["post-62","page","type-page","status-publish","hentry"],"_links":{"self":[{"href":"https:\/\/www.amis-du-parc.org\/index.php\/wp-json\/wp\/v2\/pages\/62","targetHints":{"allow":["GET"]}}],"collection":[{"href":"https:\/\/www.amis-du-parc.org\/index.php\/wp-json\/wp\/v2\/pages"}],"about":[{"href":"https:\/\/www.amis-du-parc.org\/index.php\/wp-json\/wp\/v2\/types\/page"}],"author":[{"embeddable":true,"href":"https:\/\/www.amis-du-parc.org\/index.php\/wp-json\/wp\/v2\/users\/1"}],"replies":[{"embeddable":true,"href":"https:\/\/www.amis-du-parc.org\/index.php\/wp-json\/wp\/v2\/comments?post=62"}],"version-history":[{"count":3,"href":"https:\/\/www.amis-du-parc.org\/index.php\/wp-json\/wp\/v2\/pages\/62\/revisions"}],"predecessor-version":[{"id":71,"href":"https:\/\/www.amis-du-parc.org\/index.php\/wp-json\/wp\/v2\/pages\/62\/revisions\/71"}],"wp:attachment":[{"href":"https:\/\/www.amis-du-parc.org\/index.php\/wp-json\/wp\/v2\/media?parent=62"}],"curies":[{"name":"wp","href":"https:\/\/api.w.org\/{rel}","templated":true}]}}

Activités

<p>Les Amis Du Parc proposent les activités suivantes :</p>



<ul class="wp-block-list">
<li>Ouverture du parc aux adhérents pour faire des balades (3 chemins de « randonnées »)</li>



<li>Location de lignes potagères dans le jardin, sous la supervision d&rsquo;un jardinier</li>



<li>Depuis notre pépinière, vente de plants aux adhérents</li>



<li>Vente de bois pour chauffage pour les adhérents</li>
</ul>



<figure class="wp-block-image aligncenter size-medium is-resized is-style-default"><img loading="lazy" decoding="async" width="300" height="169" src="https://www.amis-du-parc.org/wp-content/uploads/2025/11/Potager_20251110_142425-300x169.jpg" alt="Potager" class="wp-image-70" style="width:570px;height:auto" srcset="https://www.amis-du-parc.org/wp-content/uploads/2025/11/Potager_20251110_142425-300x169.jpg 300w, https://www.amis-du-parc.org/wp-content/uploads/2025/11/Potager_20251110_142425-1024x577.jpg 1024w, https://www.amis-du-parc.org/wp-content/uploads/2025/11/Potager_20251110_142425-768x432.jpg 768w, https://www.amis-du-parc.org/wp-content/uploads/2025/11/Potager_20251110_142425-1536x865.jpg 1536w, https://www.amis-du-parc.org/wp-content/uploads/2025/11/Potager_20251110_142425-2048x1153.jpg 2048w" sizes="auto, (max-width: 300px) 100vw, 300px" /><figcaption class="wp-element-caption">Une partie du potager</figcaption></figure>

<p>Les Amis Du Parc proposent les activités suivantes :</p>
