{"id":9,"date":"2025-11-01T10:18:18","date_gmt":"2025-11-01T09:18:18","guid":{"rendered":"https:\/\/www.amis-du-parc.org\/?page_id=9"},"modified":"2026-02-15T10:13:13","modified_gmt":"2026-02-15T09:13:13","slug":"amis-du-parc","status":"publish","type":"page","link":"https:\/\/www.amis-du-parc.org\/","title":{"rendered":"Amis du Parc"},"content":{"rendered":"\n<figure class=\"wp-block-image size-large is-resized\"><img loading=\"lazy\" decoding=\"async\" width=\"1011\" height=\"1024\" src=\"https:\/\/www.amis-du-parc.org\/wp-content\/uploads\/2025\/11\/Screenshot-From-2025-11-01-12-16-28-1011x1024.png\" alt=\"\" class=\"wp-image-10\" style=\"width:213px;height:auto\" srcset=\"https:\/\/www.amis-du-parc.org\/wp-content\/uploads\/2025\/11\/Screenshot-From-2025-11-01-12-16-28-1011x1024.png 1011w, https:\/\/www.amis-du-parc.org\/wp-content\/uploads\/2025\/11\/Screenshot-From-2025-11-01-12-16-28-296x300.png 296w, https:\/\/www.amis-du-parc.org\/wp-content\/uploads\/2025\/11\/Screenshot-From-2025-11-01-12-16-28-768x778.png 768w, https:\/\/www.amis-du-parc.org\/wp-content\/uploads\/2025\/11\/Screenshot-From-2025-11-01-12-16-28.png 1437w\" sizes=\"auto, (max-width: 1011px) 100vw, 1011px\" \/><\/figure>\n\n\n\n<p>Cr\u00e9\u00e9e en 2018, l&rsquo;association les Amis du Parc contribue \u00e0 la mise en valeur du parc de l&rsquo;ambassade de France et \u00e0 sa promotion<br>aupr\u00e8s du public.<br>Elle a pour but de mener des actions visant \u00e0 faire d\u00e9couvrir et promouvoir la biodiversit\u00e9 aupr\u00e8s du public et d\u00e9velopper des pratiques agricoles et foresti\u00e8res respectueuses de l&rsquo;environnement.<\/p>\n\n\n\n<p>Actuellement les inscriptions pour cette ann\u00e9e 2025\/2026 sont closes. Elles r\u00e9-ouvriront vers juin 2026.<\/p>\n\n\n\n<p><\/p>\n","protected":false},"excerpt":{"rendered":"<p>Cr\u00e9\u00e9e en 2018, l&rsquo;association les Amis du Parc contribue \u00e0 la mise en valeur du parc de l&rsquo;ambassade de France et \u00e0 sa promotionaupr\u00e8s du public.Elle a pour but de mener des actions visant \u00e0 faire d\u00e9couvrir et promouvoir la biodiversit\u00e9 aupr\u00e8s du public et d\u00e9velopper des pratiques agricoles et foresti\u00e8res respectueuses de l&rsquo;environnement. Actuellement [&hellip;]<\/p>\n","protected":false},"author":1,"featured_media":0,"parent":0,"menu_order":0,"comment_status":"closed","ping_status":"closed","template":"","meta":{"ngg_post_thumbnail":0,"footnotes":""},"class_list":["post-9","page","type-page","status-publish","hentry"],"_links":{"self":[{"href":"https:\/\/www.amis-du-parc.org\/index.php\/wp-json\/wp\/v2\/pages\/9","targetHints":{"allow":["GET"]}}],"collection":[{"href":"https:\/\/www.amis-du-parc.org\/index.php\/wp-json\/wp\/v2\/pages"}],"about":[{"href":"https:\/\/www.amis-du-parc.org\/index.php\/wp-json\/wp\/v2\/types\/page"}],"author":[{"embeddable":true,"href":"https:\/\/www.amis-du-parc.org\/index.php\/wp-json\/wp\/v2\/users\/1"}],"replies":[{"embeddable":true,"href":"https:\/\/www.amis-du-parc.org\/index.php\/wp-json\/wp\/v2\/comments?post=9"}],"version-history":[{"count":4,"href":"https:\/\/www.amis-du-parc.org\/index.php\/wp-json\/wp\/v2\/pages\/9\/revisions"}],"predecessor-version":[{"id":89,"href":"https:\/\/www.amis-du-parc.org\/index.php\/wp-json\/wp\/v2\/pages\/9\/revisions\/89"}],"wp:attachment":[{"href":"https:\/\/www.amis-du-parc.org\/index.php\/wp-json\/wp\/v2\/media?parent=9"}],"curies":[{"name":"wp","href":"https:\/\/api.w.org\/{rel}","templated":true}]}}

<figure class="wp-block-image size-large is-resized"><img loading="lazy" decoding="async" width="1011" height="1024" src="https://www.amis-du-parc.org/wp-content/uploads/2025/11/Screenshot-From-2025-11-01-12-16-28-1011x1024.png" alt="" class="wp-image-10" style="width:213px;height:auto" srcset="https://www.amis-du-parc.org/wp-content/uploads/2025/11/Screenshot-From-2025-11-01-12-16-28-1011x1024.png 1011w, https://www.amis-du-parc.org/wp-content/uploads/2025/11/Screenshot-From-2025-11-01-12-16-28-296x300.png 296w, https://www.amis-du-parc.org/wp-content/uploads/2025/11/Screenshot-From-2025-11-01-12-16-28-768x778.png 768w, https://www.amis-du-parc.org/wp-content/uploads/2025/11/Screenshot-From-2025-11-01-12-16-28.png 1437w" sizes="auto, (max-width: 1011px) 100vw, 1011px" /></figure>



<p>Créée en 2018, l&rsquo;association les Amis du Parc contribue à la mise en valeur du parc de l&rsquo;ambassade de France et à sa promotion<br>auprès du public.<br>Elle a pour but de mener des actions visant à faire découvrir et promouvoir la biodiversité auprès du public et développer des pratiques agricoles et forestières respectueuses de l&rsquo;environnement.</p>



<p>Actuellement les inscriptions pour cette année 2025/2026 sont closes. Elles ré-ouvriront vers juin 2026.</p>



<p></p>

<p>Créée en 2018, l&rsquo;association les Amis du Parc contribue à la mise en valeur du parc de l&rsquo;ambassade de France et à sa promotionauprès du public.Elle a pour but de mener des actions visant à faire découvrir et promouvoir la biodiversité auprès du public et développer des pratiques agricoles et forestières respectueuses de l&rsquo;environnement. Actuellement [&hellip;]</p>
